3
List the prime factors of 723738.
2, 3, 120623
List the prime factors of 1264276.
2, 13, 41, 593
What are the prime factors of 7633483?
11, 13, 53381
What are the prime factors of 496500?
2, 3, 5, 331
List the prime factors of 589938.
2, 3, 98323
List the prime factors of 13924.
2, 59
What are the prime factors of 2300472?
2, 3, 89, 359
What are the prime factors of 1113665?
5, 7, 47, 677
List the prime factors of 29133.
3, 13, 83
List the prime factors of 840149.
840149
List the prime factors of 131880.
2, 3, 5, 7, 157
What are the prime factors of 3335822?
2, 7, 34039
List the prime factors of 2909956.
2, 7, 103, 1009
What are the prime factors of 460925?
5, 103, 179
What are the prime factors of 446141?
446141
List the prime factors of 1896465.
3, 5, 23, 239
List the prime factors of 4334072.
2, 541759
List the prime factors of 13572672.
2, 3, 223, 317
List the prime factors of 1046866.
2, 523433
What are the prime factors of 2769710?
2, 5, 47, 71, 83
What are the prime factors of 6820813?
59, 193, 599
What are the prime factors of 1570498?
2, 785249
What are the prime factors of 210844?
2, 52711
List the prime factors of 180571.
53, 3407
List the prime factors of 16418567.
11, 1492597
What are the prime factors of 37544?
2, 13, 19
List the prime factors of 1318654.
2, 659327
List the prime factors of 474823.
457, 1039
What are the prime factors of 1857702?
2, 3, 7, 11, 4021
What are the prime factors of 119328?
2, 3, 11, 113
List the prime factors of 1145661.
3, 11, 149, 233
What are the prime factors of 9430558?
2, 4715279
What are the prime factors of 718440?
2, 3, 5, 5987
List the prime factors of 33446.
2, 7, 2389
List the prime factors of 95900.
2, 5, 7, 137
List the prime factors of 65338.
2, 7, 13, 359
List the prime factors of 274733.
257, 1069
List the prime factors of 1086970.
2, 5, 73, 1489
What are the prime factors of 14114958?
2, 3, 11, 13, 16451
List the prime factors of 13328483.
7, 1904069
What are the prime factors of 2149370?
2, 5, 59, 3643
List the prime factors of 7639951.
11, 694541
List the prime factors of 4910851.
11, 446441
What are the prime factors of 4236293?
307, 13799
List the prime factors of 90407.
90407
What are the prime factors of 13154905?
5, 229, 11489
List the prime factors of 1338605.
5, 267721
What are the prime factors of 1640931?
3, 546977
List the prime factors of 661615.
5, 113, 1171
What are the prime factors of 1561597?
1561597
List the prime factors of 6240250.
2, 5, 109, 229
List the prime factors of 24877682.
2, 2377, 5233
What are the prime factors of 9933510?
2, 3, 5, 263, 1259
What are the prime factors of 827008?
2, 7, 13, 71
What are the prime factors of 17261621?
13, 167, 7951
List the prime factors of 5537037.
3, 11, 19, 8831
List the prime factors of 256034.
2, 313, 409
What are the prime factors of 151461?
3, 16829
What are the prime factors of 1089748?
2, 11, 24767
List the prime factors of 17765148.
2, 3, 1480429
List the prime factors of 58628.
2, 14657
What are the prime factors of 1134095?
5, 226819
List the prime factors of 24017937.
3, 1289, 6211
List the prime factors of 182264.
2, 22783
List the prime factors of 14450528.
2, 451579
What are the prime factors of 92?
2, 23
What are the prime factors of 5651546?
2, 2825773
What are the prime factors of 255470?
2, 5, 59, 433
List the prime factors of 2861423.
17, 281, 599
List the prime factors of 1124615.
5, 37, 6079
What are the prime factors of 107468?
2, 67, 401
List the prime factors of 6467849.
6467849
What are the prime factors of 3146086?
2, 47, 33469
List the prime factors of 475806.
2, 3, 79301
What are the prime factors of 11727356?
2, 233, 12583
What are the prime factors of 106692?
2, 3, 17, 523
List the prime factors of 1314660.
2, 3, 5, 21911
What are the prime factors of 673334?
2, 336667
List the prime factors of 4561934.
2, 13, 79, 2221
What are the prime factors of 158621?
158621
List the prime factors of 72880.
2, 5, 911
What are the prime factors of 467613?
3, 23, 251
What are the prime factors of 1224387?
3, 136043
What are the prime factors of 5293635?
3, 5, 352909
What are the prime factors of 5395244?
2, 881, 1531
What are the prime factors of 5459043?
3, 727, 2503
List the prime factors of 3441041.
3441041
List the prime factors of 478312.
2, 17, 3517
What are the prime factors of 12026279?
1093, 11003
What are the prime factors of 40470789?
3, 2053, 6571
List the prime factors of 24643.
19, 1297
List the prime factors of 12415707.
3, 459841
List the prime factors of 388593.
3, 43177
List the prime factors of 3426208.
2, 107069
List the prime factors of 4236157.
47, 193, 467
What are the prime factors of 3267649?
7, 11, 42437
What are the prime factors of 255560?
2, 5, 6389
What are the prime factors of 806559?
3, 13, 20681
What are the prime factors of 92908?
2, 23227
What are the prime factors of 971872?
2, 11, 251
What are the prime factors of 1476355?
5, 295271
What are the prime factors of 162299?
17, 9547
What are the prime factors of 1585075?
5, 19, 47, 71
List the prime factors of 6890801.
6890801
List the prime factors of 348620.
2, 5, 17431
List the prime factors of 44544.
2, 3, 29
What are the prime factors of 18101503?
7, 2585929
List the prime factors of 294164.
2, 13, 5657
What are the prime factors of 349707?
3, 17, 6857
What are the prime factors of 6294517?
271, 23227
List the prime factors of 4487660.
2, 5, 17, 67, 197
List the prime factors of 123868.
2, 173, 179
List the prime factors of 11054.
2, 5527
List the prime factors of 288924.
2, 3, 24077
What are the prime factors of 305578?
2, 7, 13, 23, 73
What are the prime factors of 3325795?
5, 11, 17, 3557
List the prime factors of 384923.
7, 11, 4999
What are the prime factors of 265522?
2, 132761
What are the prime factors of 711775?
5, 71, 401
What are the prime factors of 19854554?
2, 643, 15439
What are the prime factors of 54312?
2, 3, 31, 73
What are the prime factors of 5187994?
2, 7, 370571
List the prime factors of 58939.
17, 3467
What are the prime factors of 14289?
3, 11, 433
What are the prime factors of 1784392?
2, 223049
What are the prime factors of 14594581?
23, 47, 587
List the prime factors of 14332383.
3, 13, 349
What are the prime factors of 2035112?
2, 254389
List the prime factors of 36117797.
23, 1570339
What are the prime factors of 7833564?
2, 3, 72533
What are the prime factors of 5634456?
2, 3, 234769
What are the prime factors of 3831550?
2, 5, 76631
What are the prime factors of 281992?
2, 101, 349
What are the prime factors of 810814?
2, 405407
What are the prime factors of 6265?
5, 7, 179
What are the prime factors of 443705?
5, 88741
List the prime factors of 2919934.
2, 197, 7411
What are the prime factors of 959521?
37, 25933
List the prime factors of 57321.
3, 11, 193
What are the prime factors of 1130918?
2, 19, 29761
What are the prime factors of 1190243?
373, 3191
List the prime factors of 240686.
2, 17, 7079
What are the prime factors of 813283?
813283
What are the prime factors of 4791093?
3, 17, 37, 2539
List the prime factors of 1278358.
2, 19, 33641
What are the prime factors of 1140503?
7, 13, 83, 151
What are the prime factors of 226158?
2, 3, 37693
What are the prime factors of 10537293?
3, 13, 271, 997
What are the prime factors of 1264432?
2, 13, 6079
List the prime factors of 308425.
5, 13, 73
List the prime factors of 4145406.
2, 3, 37, 71, 263
What are the prime factors of 2065756?
2, 7, 11, 19, 353
What are the prime factors of 122207?
122207
List the prime factors of 113436.
2, 3, 23, 137
What are the prime factors of 317081?
109, 2909
List the prime factors of 2602920.
2, 3, 5, 109, 199
What are the prime factors of 794692?
2, 198673
List the prime factors of 94138.
2, 11, 389
List the prime factors of 2971803.
3, 37, 41, 653
List the prime factors of 690354.
2, 3, 7, 5479
List the prime factors of 303918.
2, 3, 37
List the prime factors of 11208352.
2, 227, 1543
What are the prime factors of 1522009?
1522009
List the prime factors of 25576994.
2, 12788497
List the prime factors of 61395.
3, 5, 4093
What are the prime factors of 4921949?
4921949
List the prime factors of 2224956.
2, 3, 79, 2347
List the prime factors of 417539.
31, 13469
List the prime factors of 1955346.